{"id":5234,"date":"2025-02-16T09:50:17","date_gmt":"2025-02-16T09:50:17","guid":{"rendered":"https:\/\/corredorarmas.com\/?post_type=product&#038;p=5234"},"modified":"2025-02-16T10:09:40","modified_gmt":"2025-02-16T10:09:40","slug":"catalogo-descargar","status":"publish","type":"product","link":"https:\/\/corredorarmas.com\/?product=catalogo-descargar","title":{"rendered":"Cat\u00e1logo descargar"},"content":{"rendered":"<p>Contiene el cat\u00e1logo para descargar en formato adobe PDF<\/p>\n","protected":false},"excerpt":{"rendered":"<p>\u00bfCu\u00e1ntas veces me he encontrado en situaciones de alta tensi\u00f3n en misiones de campo? \u00a1Cu\u00e1ntas veces en esas situaciones mi equipo y mi ropa no me apoyaron al cien por cien! \u00bfCu\u00e1ntas veces me he encontrado pensando que yo habr\u00eda tratado de otra manera a ese mismo jefe que fue un obst\u00e1culo en lugar de un apoyo para m\u00ed? \u00bfCu\u00e1ntas veces me he encontrado compartiendo esos pensamientos con colegas, operadores expertos que, como yo, sent\u00edan necesidades que las prendas suministradas no satisfac\u00edan? Cu\u00e1ntas lecciones aprendidas en el campo, donde unos momentos pueden marcar la diferencia y donde incluso un peque\u00f1o detalle de cualquier prenda de vestir puede cambiar el resultado de una acci\u00f3n. Somos operadores, gente pragm\u00e1tica. Por eso nos dijimos<br \/>\nque hab\u00eda llegado el momento de ponernos a trabajar para producir de forma independiente para nosotros y para los que son como nosotros. As\u00ed naci\u00f3 4-14 Factory, un grupo con competencias<br \/>\ndiferentes: quienes han trabajado durante d\u00e9cadas en contextos operativos y saben lo que necesita un profesional; aquellos que estudian e investigan materiales de vanguardia; que desarrolla<br \/>\nideas combinando y ambiciones y necesidades; qui\u00e9n sabe qu\u00e9 hace falta para que<br \/>\ntodo se traduzca en una producci\u00f3n a la altura y qui\u00e9n en el terreno, en una misi\u00f3n, prueba el producto que te llega. Todo orgullosamente italiano. Si no estuviera listo para usarlo en una misi\u00f3n en primera persona, no lo encontrar\u00edas en el cat\u00e1logo 4-14.<\/p>\n","protected":false},"featured_media":5218,"comment_status":"closed","ping_status":"closed","template":"","meta":[],"product_brand":[85],"product_cat":[87],"product_tag":[57],"class_list":{"0":"post-5234","1":"product","2":"type-product","3":"status-publish","4":"has-post-thumbnail","6":"product_brand-4-14-factory","7":"product_cat-4-14-factory","8":"product_tag-catalogo","10":"first","11":"instock","12":"downloadable","13":"virtual","14":"purchasable","15":"product-type-simple"},"_links":{"self":[{"href":"https:\/\/corredorarmas.com\/index.php?rest_route=\/wp\/v2\/product\/5234","targetHints":{"allow":["GET"]}}],"collection":[{"href":"https:\/\/corredorarmas.com\/index.php?rest_route=\/wp\/v2\/product"}],"about":[{"href":"https:\/\/corredorarmas.com\/index.php?rest_route=\/wp\/v2\/types\/product"}],"replies":[{"embeddable":true,"href":"https:\/\/corredorarmas.com\/index.php?rest_route=%2Fwp%2Fv2%2Fcomments&post=5234"}],"wp:featuredmedia":[{"embeddable":true,"href":"https:\/\/corredorarmas.com\/index.php?rest_route=\/wp\/v2\/media\/5218"}],"wp:attachment":[{"href":"https:\/\/corredorarmas.com\/index.php?rest_route=%2Fwp%2Fv2%2Fmedia&parent=5234"}],"wp:term":[{"taxonomy":"product_brand","embeddable":true,"href":"https:\/\/corredorarmas.com\/index.php?rest_route=%2Fwp%2Fv2%2Fproduct_brand&post=5234"},{"taxonomy":"product_cat","embeddable":true,"href":"https:\/\/corredorarmas.com\/index.php?rest_route=%2Fwp%2Fv2%2Fproduct_cat&post=5234"},{"taxonomy":"product_tag","embeddable":true,"href":"https:\/\/corredorarmas.com\/index.php?rest_route=%2Fwp%2Fv2%2Fproduct_tag&post=5234"}],"curies":[{"name":"wp","href":"https:\/\/api.w.org\/{rel}","templated":true}]}}